at is the highest common divisor of y and 4?
4
Let p(y) = -y**2 + 2*y - 1. Let n be p(1). Suppose 0*z + 4*z + 4*t = n, -z - 4*t - 9 = 0. Suppose b + z*b = 32. Calculate the highest common factor of b and 16.
8
Let n = 35 + 10. Suppose 0*m = -3*m + 54. Calculate the highest common factor of m and n.
9
Let a = 36 + -25. Calculate the highest common factor of a and 11.
11
Suppose -4*q - 4*z = 40, 2*q - z + 22 = -q. Let v = q + 14. Suppose -4*p + 2*p = -12. Calculate the highest common divisor of p and v.
6
Let x(t) = -105*t - 1. Let b be x(1). Let o = b + 210. Let r = o + -65. What is the highest common divisor of 26 and r?
13
Let r = -436 - -307. Let f = -82 - r. Let u = f - -23. Calculate the highest common factor of 10 and u.
10
Suppose -39 = -5*u + 1. Let a(b) be the first derivative of b**4/4 - 8*b**3/3 + b**2 - 7*b + 1. Let d be a(u). What is the highest common divisor of 18 and d?
9
Let k = -16 - -16. Let a be 24/10 + (-2)/5. Let n = a + k. Calculate the highest common factor of 3 and n.
1
Let n(r) = 293*r**2 + 2*r + 1. Let a be n(-1). Let q be 1/(-3) - a/(-12). What is the highest common factor of q and 6?
6
Let m be 3/(-9) - 382/6. Let t = m - -127. What is the greatest common factor of 9 and t?
9
Suppose 650 + 862 = 6*z. What is the greatest common divisor of 28 and z?
28
Let b = 115 + -45. Calculate the highest common divisor of b and 28.
14
Let g be (25/(-15))/((-2)/60). Calculate the highest common factor of g and 20.
10
Suppose 2*w = 5*i + 3*w - 10, -5*i + 5*w = -10. Let l(a) = -6*a - 5*a + 11*a + 14*a - 1. Let p be l(i). Calculate the greatest common divisor of 18 and p.
9
Let z be 31/3 + 1/(-3). Let s be ((-36)/8)/((-1)/z). Suppose -o = 2*o - s. What is the highest common factor of o and 3?
3
Let n(i) be the third derivative of -7*i**4/24 - i**3/3 + 2*i**2. Let a be n(-2). What is the highest common factor of 36 and a?
12
Suppose -24*v = -19*v - 80. What is the highest common factor of 4 and v?
4
Let i = -103 - -186. Suppose 4*h - 104 = u, 4*u + i = 3*h + 2*u. Calculate the greatest common factor of 5 and h.
5
Let z(l) = -37*l**3 - l**2 - 3*l + 1. Let x(o) = -o**2 - o. Let q(b) = 2*x(b) - z(b). Let k be q(1). Calculate the greatest common factor of 12 and k.
12
Suppose -3*i + 13 = -z - z, -3*i = 3*z - 33. Let r be ((-2)/(-4))/(1/154). Suppose 2*j - r = j. Calculate the greatest common factor of i and j.
7
Let q(k) = -k**2 - 3*k + 5. Let u be q(-4). Let g = 6 + u. Calculate the highest common divisor of 7 and g.
7
Suppose 4*z - 5*c - 234 = 0, 2*c = -3*c - 10. Calculate the highest common factor of z and 140.
28
Let c(y) = -164*y + 16. Let x(w) = 55*w - 5. Let p(g) = -4*c(g) - 11*x(g). Let z be p(6). What is the highest common divisor of z and 27?
27
Let i(j) = j**3 - j**2 + 3*j + 3. Let l be i(3). Calculate the highest common factor of 45 and l.
15
Let l(j) = -j**2 + 4*j + 2. Let h be l(4). Let a = 3 - h. Suppose 0 = -n + 4*n - 9. What is the greatest common divisor of a and n?
1
Let q = 46 - 33. Let a = 2 + q. What is the greatest common divisor of a and 15?
15
Suppose -1118 = -5*t + 1332. Suppose -2*p = 2*i - 4*p - 8, i - 4 = -5*p. Let g be t/6 - i/6. Calculate the highest common divisor of g and 9.
9
Let r(x) be the third derivative of -x**6/120 + x**5/10 - 5*x**4/24 - x**3/3 + 3*x**2. Let c be r(4). What is the greatest common divisor of c and 110?
10
Let x = -27 - -83. Suppose -2*u + 6*u - x = 0. What is the highest common divisor of u and 28?
14
Let j be (-2)/(((-6)/(-9))/(-2)). Let p = j - 4. What is the greatest common factor of p and 1?
1
Suppose -6 - 6 = 4*p - 4*a, -10 = -2*a. Suppose -107 - 47 = -4*j + 2*h, -5*j = -p*h - 194. Calculate the highest common divisor of 60 and j.
20
Let o be (-2 - 0/(-2)) + 76. Suppose o = 3*l + 4*q, -3*l = q + 2*q - 69. Let t(j) = 6*j + 3. Let w be t(4). Calculate the greatest common factor of l and w.
9
Let v(z) = -z**3 - 8*z**2 - 3*z - 6. Let m be v(-8). What is the highest common divisor of 18 and m?
18
Let k = 27 - 18. Let m = 4 - k. Let f be 4/m*65/(-2). Calculate the greatest common divisor of f and 39.
13
Suppose -15 - 49 = -2*a. Calculate the greatest common factor of a and 96.
32
Suppose -4 = -j - 0. Suppose 0 = 5*c - j*c - 1, -c = -4*i + 7. Let r be (-122)/(-6) + i/3. What is the highest common factor of r and 3?
3
Let g = 2 + 9. Calculate the highest common factor of g and 121.
11
Suppose 2*l = -11 + 31. Calculate the highest common divisor of 70 and l.
10
Let r = -106 + 166. Calculate the highest common divisor of r and 24.
12
Let o = -4 - -10. Calculate the highest common factor of 15 and o.
3
Suppose 0*k = -5*k - 35. Let a = k - -8. Suppose 3*w - 24 = -9. What is the greatest common divisor of a and w?
1
Suppose 5*g - 205 = 65. Calculate the greatest common factor of g and 6.
6
Let j(k) = -6*k - 6. Let u be j(-8). Let n = 60 + -31. Let t be 1*(0 - 1) + n. Calculate the highest common divisor of t and u.
14
Let i be (-8)/(-36) + (-215)/(-45). Let o(x) = 12*x + 7*x - 5 - 8*x. Let z be o(i). Calculate the greatest common factor of z and 20.
10
Suppose 3*h - 52 = 17. Calculate the greatest common divisor of h and 23.
23
Let n be -16 + 4*(-3)/(-6). Let x = n - -43. Suppose 4*z + z = -4*a + x, -3*z + a + 31 = 0. Calculate the greatest common divisor of 18 and z.
9
Suppose -4*p + 5*v + 12 = v, 5*v = 2*p - 6. What is the greatest common divisor of 9 and p?
3
Suppose -48 = -36*f + 32*f. What is the greatest common divisor of f and 96?
12
Let i(b) = -20*b - 22. Let w be i(-11). What is the highest common divisor of 18 and w?
18
Suppose -k + 2*q = q - 91, -2*q + 170 = 2*k. Let v(j) = -4*j - 1. Let a be v(-3). Calculate the highest common divisor of k and a.
11
Suppose 4*g = 5*x - 20, 5*g + 9 = 4*x - 7. Suppose q = -g*q + 80. What is the greatest common factor of 20 and q?
20
Suppose 0 = t + 1 + 2, -i = -3*t - 65. Calculate the greatest common factor of i and 112.
56
Suppose 5*s = 3*s + 112. Let i = 4 + 4. What is the greatest common factor of i and s?
8
Let y(z) = -3*z - 1. Let u be y(-5). Let k be (-1488)/(-108) + (-4)/(-18). Calculate the highest common factor of k and u.
14
Suppose -2*s = -s + 59. Let i(f) = 2*f**3 - 7*f**2 + 5*f + 4. Let d be i(5). Let g = d + s. What is the highest common factor of g and 5?
5
Let m(x) = x**2 + x + 4. Let b be m(0). What is the greatest common divisor of 44 and b?
4
Suppose 0 = 2*b - 8 - 16. Let j = 366 + 18. Suppose -5*q + q + j = 0. What is the highest common factor of b and q?
12
Suppose 4 - 6 = 2*d, 5*x - 65 = 5*d. Let k(t) = t**2 - 2*t - 2. Let o be k(2). Let n = o - -8. What is the greatest common divisor of n and x?
6
Let k be (-4)/(-18) + (-34)/(-9). Let t be 16 - (k/(-2) - 1). What is the greatest common factor of 171 and t?
19
Let x(d) = d. Let s be x(2). Suppose -2 = -w + s, 0 = o - 3*w - 60. Suppose 8 = -2*z + 3*z. Calculate the greatest common factor of o and z.
8
Suppose 4*s - 5*i - 12 = 39, 3*s + 3*i = 45. Let u = 19 - 21. Let n(x) = 5*x**2 - 2*x - 3. Let g be n(u). What is the highest common divisor of g and s?
7
Suppose 0 = -u - 4*u - 10. Let w(c) = 2*c + 2. Let p be w(u). Let o be (64 + 1 - 3) + p. What is the highest common factor of 24 and o?
12
Let a(x) = -x**3 + x**2 - x + 3. Let z be a(0). Suppose -n + 964 = -z*n. Let u = -284 - n. What is the greatest common factor of 18 and u?
18
Let s = 6 + -4. Let v(w) = -w + 14. Suppose 0 = 2*u - 0*u + n - 3, 5*u + 6 = 2*n. Let p be v(u). Calculate the highest common factor of p and s.
2
Suppose 2*n - 4*n - 6 = 0. Let v be (2/n)/(3/(-18)). Let h be 40/2*42/105. What is the highest common divisor of v and h?
4
Suppose -7*h + 2*h + 55 = f, -f + 5 = 0. What is the greatest common factor of 90 and h?
10
Suppose 3*p - 357 - 392 = -5*q, -4*q + 252 = p. What is the highest common factor of p and 31?
31
Let b be 2*(0 - (-4 + -1)). What is the highest common divisor of b and 30?
10
Suppose 4*u = u + 24. Suppose -u*c = -4*c - 48. Calculate the greatest common factor of 84 and c.
12
Let n(p) = -2*p**3 + p**2 - p - 1. Let x be n(-1). Suppose x*y - 14 = 2*y. What is the highest common divisor of 28 and y?
14
Let l = 102 - 46. Suppose k = -k + l. Calculate the greatest common factor of 70 and k.
14
Let z = 1 - 4. Let l(j) = -11*j + 3. Let c be l(z). What is the greatest common factor of c and 4?
4
S